me factors of 50878773?
3, 11, 17, 3359
List the prime factors of 632095057.
11, 47, 251, 4871
List the prime factors of 633325406.
2, 7, 67, 675187
List the prime factors of 4063305931.
71, 57229661
What are the prime factors of 145385591?
13, 491, 22777
List the prime factors of 115282069.
7, 16468867
List the prime factors of 10925141.
29, 376729
What are the prime factors of 135565164?
2, 3, 7, 8539
What are the prime factors of 66089543?
13, 19, 267569
What are the prime factors of 451119756?
2, 3, 197, 190829
List the prime factors of 18989859.
3, 7, 907, 997
What are the prime factors of 1777733547?
3, 103, 5753183
List the prime factors of 1492669837.
17231, 86627
What are the prime factors of 34127057?
151, 226007
What are the prime factors of 459517120?
2, 5, 47, 30553
List the prime factors of 69842800.
2, 5, 17, 10271
What are the prime factors of 243779201?
17, 14339953
List the prime factors of 1601446196.
2, 7, 641, 89227
What are the prime factors of 101580483?
3, 33860161
What are the prime factors of 52700830?
2, 5, 7, 13, 29, 1997
What are the prime factors of 430078010?
2, 5, 37, 1162373
What are the prime factors of 1163469531?
3, 7, 29, 61, 31319
List the prime factors of 162993746.
2, 29, 2810237
What are the prime factors of 2927058968?
2, 109, 173, 19403
List the prime factors of 76091961.
3, 11, 421, 5477
What are the prime factors of 2029990779?
3, 225554531
What are the prime factors of 324025138?
2, 5749, 28181
What are the prime factors of 136742102?
2, 7, 9767293
List the prime factors of 3400758393.
3, 37, 30637463
What are the prime factors of 84376240?
2, 5, 13, 81131
What are the prime factors of 32158094?
2, 23, 699089
List the prime factors of 2587225852.
2, 17, 113, 336703
What are the prime factors of 2557309417?
13, 4583, 42923
List the prime factors of 2827728410.
2, 5, 13, 21751757
What are the prime factors of 157155933?
3, 11, 73, 89, 733
What are the prime factors of 4584238451?
13, 73, 4830599
List the prime factors of 183407571.
3, 29, 78079
List the prime factors of 116921256.
2, 3, 199, 24481
List the prime factors of 31089551.
71, 437881
What are the prime factors of 1523205230?
2, 5, 152320523
What are the prime factors of 18932393?
18932393
List the prime factors of 692877442.
2, 346438721
What are the prime factors of 314237450?
2, 5, 6284749
List the prime factors of 66872610.
2, 3, 5, 7, 179, 593
What are the prime factors of 389369184?
2, 3, 149, 163, 167
List the prime factors of 2995831886.
2, 1497915943
List the prime factors of 17042417.
7, 181, 13451
List the prime factors of 85484956.
2, 21371239
List the prime factors of 269573168.
2, 89, 189307
List the prime factors of 804806690.
2, 5, 17, 1601, 2957
What are the prime factors of 581828158?
2, 2767, 105137
What are the prime factors of 621612049?
1867, 332947
What are the prime factors of 8752197?
3, 1279, 2281
List the prime factors of 89991221.
89991221
What are the prime factors of 149463580?
2, 5, 7, 1067597
What are the prime factors of 1101959055?
3, 5, 19, 163, 7907
List the prime factors of 16467197.
16467197
What are the prime factors of 18625370?
2, 5, 17, 331
What are the prime factors of 308284029?
3, 313, 36479
List the prime factors of 1328035272.
2, 3, 23, 73, 32957
What are the prime factors of 141801010?
2, 5, 13, 29, 1297
List the prime factors of 15956409.
3, 7, 19, 29, 197
What are the prime factors of 4102558804?
2, 103, 9957667
List the prime factors of 13364264.
2, 1670533
What are the prime factors of 464559424?
2, 7, 19, 54577
List the prime factors of 94910071.
103, 921457
List the prime factors of 96533763.
3, 103, 312407
What are the prime factors of 525357957?
3, 4397, 39827
List the prime factors of 199678718.
2, 99839359
List the prime factors of 580464419.
397, 1462127
What are the prime factors of 225933146?
2, 31, 151, 24133
List the prime factors of 13031159.
13031159
What are the prime factors of 321137849?
269, 1193821
What are the prime factors of 53986971?
3, 17995657
List the prime factors of 677353275.
3, 5, 3010459
List the prime factors of 876906535.
5, 239, 733813
List the prime factors of 2707060811.
7, 13, 4249703
What are the prime factors of 59298185?
5, 29, 408953
What are the prime factors of 99520878?
2, 3, 16586813
What are the prime factors of 1690996?
2, 422749
List the prime factors of 24609376.
2, 11, 151, 463
What are the prime factors of 253021947?
3, 37, 41, 53, 1049
What are the prime factors of 648266666?
2, 733, 442201
List the prime factors of 188571900.
2, 3, 5, 11, 57143
List the prime factors of 33044492.
2, 13, 635471
What are the prime factors of 479468124?
2, 3, 2999, 4441
What are the prime factors of 59732127?
3, 7, 13, 23, 151
List the prime factors of 163067361.
3, 83, 654889
What are the prime factors of 1314728730?
2, 3, 5, 7, 61, 34211
List the prime factors of 1436790790.
2, 5, 29, 31, 71, 2251
List the prime factors of 6088001.
6088001
List the prime factors of 426470226.
2, 3, 7, 13, 241, 463
What are the prime factors of 31168382?
2, 7, 2226313
What are the prime factors of 18665948?
2, 7, 59, 11299
What are the prime factors of 796819639?
7, 11, 103, 100469
List the prime factors of 294230673.
3, 11, 2972027
List the prime factors of 15001222.
2, 19, 59, 6691
List the prime factors of 2014374772.
2, 41, 2693, 4561
List the prime factors of 9929937.
3, 3309979
List the prime factors of 531315115.
5, 439, 242057
What are the prime factors of 407706768?
2, 3, 7, 631, 641
What are the prime factors of 290182912?
2, 41, 27647
What are the prime factors of 1841740400?
2, 5, 4604351
List the prime factors of 3401451036.
2, 3, 2087, 15091
What are the prime factors of 3979280319?
3, 7, 189489539
What are the prime factors of 86290781?
5087, 16963
What are the prime factors of 344551784?
2, 17, 29, 199, 439
List the prime factors of 56392377.
3, 59, 318601
What are the prime factors of 865416624?
2, 3, 43, 419291
List the prime factors of 278433638.
2, 7, 19, 503, 2081
What are the prime factors of 278129209?
278129209
List the prime factors of 40540831.
683, 59357
List the prime factors of 75404576.
2, 13, 41, 4421
List the prime factors of 540349184.
2, 37, 57047
What are the prime factors of 78875886?
2, 3, 17, 131, 5903
What are the prime factors of 130011134?
2, 11, 23, 256939
What are the prime factors of 531112?
2, 197, 337
What are the prime factors of 4072222038?
2, 3, 6217, 109169
List the prime factors of 835738625.
5, 881, 7589
What are the prime factors of 184625859?
3, 11, 5594723
List the prime factors of 240618295.
5, 23, 90971
List the prime factors of 61633378.
2, 19, 1621931
List the prime factors of 168105494.
2, 41, 461, 4447
List the prime factors of 462363671.
7, 11, 17, 421, 839
What are the prime factors of 132245617?
7, 241, 277, 283
What are the prime factors of 2662301814?
2, 3, 443716969
What are the prime factors of 85012965?
3, 5, 1889177
List the prime factors of 26034608.
2, 43, 79, 479
List the prime factors of 536793042.
2, 3, 89465507
What are the prime factors of 246236367?
3, 13, 23, 211, 1301
What are the prime factors of 65483397?
3, 7, 137, 281
What are the prime factors of 128011463?
2677, 47819
What are the prime factors of 7643683?
7643683
What are the prime factors of 340522211?
37, 9203303
What are the prime factors of 72382693?
37, 1956289
What are the prime factors of 599356849?
7, 13, 6586339
What are the prime factors of 65980203?
3, 21993401
List the prime factors of 877736789.
877736789
What are the prime factors of 49801634?
2, 41, 607337
List the prime factors of 605040791.
157, 3853763
List the prime factors of 1768452352.
2, 6908017
List the prime factors of 1153048890.
2, 3, 5, 7, 784387
What are the prime factors of 156995252?
2, 19, 2065727
What are the prime factors of 3626690?
2, 5, 31, 11699
List the prime factors of 296107704.
2, 3, 19, 23, 3137
What are the prime factors of 2058148131?
3, 13, 52773029
What are the prime factors of 87281988?
2, 3, 31, 234629
List the prime factors of 145833295.
5, 4271, 6829
What are the prime factors of 22437601?
193, 116257
List the prime factors of 52706372.
2, 13176593
What are the prime factors of 1516064716?
2, 379016179
List the prime factors of 485016